Let j(w) = -w + 3. Let x be -12*((-9)/6 + 1). Calculate j(x).
-3
Let y(g) = 2*g**2 - 3*g - 2. Let v be y(-3). Suppose -2*h = -7*h + v. Let f(u) = -u - 1. Give f(h).
-6
Let s = 14 + -19. Let y(c) = c**3 + 6*c**2 + 3*c - 7. Calculate y(s).
3
Let w = 13 + -18. Let t(z) = -2*z - 4. Give t(w).
6
Let m(v) = -14*v - 5 + 27*v + 0 - 15*v. Determine m(6).
-17
Let j(b) be the first derivative of -b**3/3 + 2*b**2 + 2*b - 20. Calculate j(4).
2
Let j(z) = z**2 - z - 1. Let q be 6*((-15)/(-9) - 1). Let d(y) = -y**2 + 2*y - 1. Let a be d(1). Let h be a/(q/(12/(-9))). Give j(h).
-1
Let l(p) = 9*p**3 - p**2 + 1. Suppose 7 - 6 = n. Give l(n).
9
Let u(j) be the second derivative of j**6/720 - j**5/40 + j**4/6 + 3*j. Let n(s) be the third derivative of u(s). Give n(3).
0
Let l(r) be the first derivative of -r**5/6 - r**4/24 - 3*r**2/2 + 1. Let b(j) be the second derivative of l(j). Determine b(-1).
-9
Suppose 5*z - 10 = -5*v, 4*z - 2*v = 5 + 3. Let t(g) = z*g**3 - g**3 + 3 + 3*g**2 - 2*g + 3*g. Let x be t(-3). Let q(h) = h + 4. Give q(x).
4
Let l(i) = 0 + 3*i - 1 - 2*i. Let r be 10/4 - -2*2/8. Calculate l(r).
2
Let f(j) = j**2 - 8*j + 1. Let o(z) = -z**3 - 10*z**2 - 15*z + 14. Let p be o(-8). Calculate f(p).
-11
Let t(m) be the first derivative of 2 + 1/20*m**5 + 0*m**2 + 2/3*m**3 + 1/8*m**4 + 0*m + 1/360*m**6. Let g(i) be the third derivative of t(i). Calculate g(-5).
-2
Let s(c) = 4*c + 3. Let o be -3 - (-1 - 0/4). What is s(o)?
-5
Let y = 9 + -4. Let b be (5/(-5))/(1/y). Let v(n) = -n**3 - 4*n**2 + 5*n - 2. What is v(b)?
-2
Suppose -3*l + 3 - 20 = -o, 5*o = 4*l + 41. Let w(y) = -14 + 0*y - 4*y + o*y. Calculate w(6).
-8
Let u(w) = -3*w**3 - 29*w**2 - 32*w - 19. Let o(x) = x**3 + 10*x**2 + 11*x + 6. Let m(z) = -8*o(z) - 3*u(z). Calculate m(-6).
-3
Suppose 0 = -4*n - 28 + 8. Let y(j) = 7*j**2 + 17*j + 7. Let k(f) = -7*f + 2*f + 3 + 6*f + 8*f + 4*f**2. Let x(u) = 5*k(u) - 3*y(u). Calculate x(n).
-1
Suppose 7*u - 21 = 4*u. Suppose 0 = 4*i - a + 15 + 4, -i - 2*a = u. Let f(g) = g**2 + 4*g - 4. What is f(i)?
1
Let k(j) be the second derivative of -j**5/5 - j**4/12 + j**2/2 + j. Let c = 24 - 25. What is k(c)?
4
Let k be (-64)/(-34) - (-10)/85. Suppose 0 = -5*q + 2*x - 14, -3*q + k*q = 5*x + 19. Let a(t) = t**2 + 2*t - 1. Determine a(q).
7
Let l(j) be the third derivative of -j**5/30 + j**4/24 + 2*j**2. Let f be l(-1). Let r(x) = 3*x + 3. Give r(f).
-6
Let d be (-1 - 0)/((-1)/4). Let x(s) = 2 - 2*s + s + 2. Determine x(d).
0
Let k(o) be the third derivative of -o**8/3360 + o**7/2520 - o**5/120 - o**4/8 - 2*o**2. Let x(l) be the second derivative of k(l). Give x(1).
-2
Suppose 3*x - 12 = -0*x. Let h(k) = -2*k**3 + x*k**3 + k**2 + k + 4*k**3. Determine h(-1).
-6
Let r(l) = 4*l**3 - 3*l**2 - 6*l + 1. Let s(d) = -3*d**3 + 3*d**2 + 6*d - 1. Let b(y) = -2*r(y) - 3*s(y). Let o be -1*(-8)/(-6)*-3. Calculate b(o).
-7
Let g(d) = 0*d**2 - 8 - 4*d**2 + 3*d**2 - d. Let c = -4 + 13. Suppose -1 = u + 2, -2*v + 3*u = -c. Calculate g(v).
-8
Suppose -4 = -2*c + 2*x, c - 2*x + 28 = -7*x. Let s(u) = -u**2 - u + 3. Determine s(c).
-3
Suppose 2*l - 5 = -3*l. Let w(p) = -26*p**3 - p + 1. What is w(l)?
-26
Let b(l) be the first derivative of l**4/12 + 5*l**3/6 + 3*l**2 + 3*l + 3. Let r(f) be the first derivative of b(f). Give r(-5).
6
Let x(m) be the third derivative of 0 - 1/24*m**4 + m**2 - 1/3*m**3 + 0*m. Calculate x(0).
-2
Suppose -21 = -6*d - d. Let m(x) be the second derivative of 1/3*x**d + x + 0 - 3*x**2. Calculate m(4).
2
Let n = -6 - -8. Let x(i) = -n + 0 - i**2 + i + i**3 + 3. Let f(h) = -h - 2. Let b be f(-2). What is x(b)?
1
Let c(r) = r**2 + 2*r - 5. Let d(q) = -q**3 + q**2 + 3. Let l be d(0). Suppose 4*i - 4 = 2*i + 4*u, -l = u. What is c(i)?
3
Let z(t) = t**3 + 3*t**2 - 1. Let d be z(-2). Let l(k) = -2*k - 4 - d*k + 7*k. Calculate l(5).
6
Let f(n) = n**2 + 2*n + 1. Let c be f(-1). Let x(p) = 5*p**2 + 2 + c*p**2 + 5*p + p**2 - 5*p**2. Give x(-6).
8
Suppose 4*p - 1 = 19. Suppose -17 = p*a + b, 0 = -a - b + 2 - 7. Let m(s) = -s**2 - 2*s - 3. What is m(a)?
-6
Let f(c) = c**2 - 4*c - 4. Let w = 3 - 3. Suppose 0 = -w*d - d - 4*j - 5, d + 8 = -5*j. Suppose -2*h = -d*h + 20. Calculate f(h).
-4
Let o = -28 + 30. Let b be 1/((3/(-2))/(-3)). Let j(c) = c**b + c + c + 0*c**2. What is j(o)?
8
Let o(r) = -r**3 - 2*r**2 + 2*r + 3. Let j be (-6 - -5)/(2/(-8)). Let h be 1/2 + j/(-8). Let i = -2 + h. What is o(i)?
-1
Let i(s) = 3*s**3 + 5*s**2 + s. Let o(m) be the third derivative of -m**6/120 - m**5/60 - m**4/24 + 4*m**2. Let t(k) = i(k) + 2*o(k). Give t(-3).
3
Suppose -2*d = 2*d - 12. Let a(j) = -d*j + 0 + 2 + j**2 - 1. What is a(3)?
1
Let f = 0 + -3. Let m(c) = -c + 4. Let k(p) = p - 4. Let w(r) = f*m(r) - 4*k(r). Give w(4).
0
Suppose -o + 3*o - 18 = 0. Let f be 1/3 - (-15)/o. Let q(s) = 3*s**2 - 2*s**f - 3 - 1 + 3*s. Calculate q(-4).
0
Let m = -178 + 180. Let h(z) = 2. Let f(w) = w - 1. Let x(g) = 2*f(g) + h(g). What is x(m)?
4
Let v be 3/((-7)/5 - -2). Let c be (24/8)/(3/v). Let u(h) = -h**3 + 6*h**2 - 5*h + 4. What is u(c)?
4
Let r(d) be the third derivative of d**4/12 + d**3/2 - 39*d**2. Determine r(-6).
-9
Let x(w) = -w**3 + 10*w**2 - 4*w + 1. Let p(c) be the first derivative of -c**4/4 + 3*c**3 - 2*c**2 - 3. Let z(k) = -4*p(k) + 3*x(k). Determine z(5).
-2
Let g(w) be the third derivative of -w**8/6720 - w**7/630 + w**6/240 + w**5/40 + w**4/6 + 2*w**2. Let u(p) be the second derivative of g(p). Give u(-4).
-9
Let o(h) = 2*h**3 + h**3 - 6*h**2 + 0*h**2 - 4*h - 4*h**3. Let v = -19 + 14. What is o(v)?
-5
Let t(m) = 9*m**3 + m**2 + 2*m - 4. Let g(f) = 0*f + 10*f**3 + 2*f - 4 + 1. Let x(k) = 3*g(k) - 2*t(k). Determine x(1).
11
Let s(i) = -i**2 - 8*i - 7. Let z(a) = -a - 11. Suppose 3*g + 18 = -3*x - 12, -g = -4*x - 10. Let t be z(g). Give s(t).
8
Let b be 1 + -11 + (-28)/(-7). Let l(r) = -r**2 - 8*r - 7. Determine l(b).
5
Let g(j) = -j**2 - 7*j + 5. Let k be (30/5)/(0 + -1). Determine g(k).
11
Let g(y) = 7*y**2 + 17*y + 6. Let d(h) = 4*h**2 + 9*h + 3. Let n(t) = 5*d(t) - 3*g(t). What is n(-5)?
2
Let p = 0 + 5. Suppose -5*z = -5*y + y + 5, -p = -2*z + 3*y. Let o(s) = -s**3 - 5*s**2 - 3. Determine o(z).
-3
Let k(i) be the third derivative of -i**5/10 - 18*i**2. What is k(1)?
-6
Let o(f) = -f. Let k(u) = -7*u - 4. Let i(w) = -k(w) + 6*o(w). Give i(-4).
0
Let p = 35 + -35. Let w(u) = -u + 14. Determine w(p).
14
Let q(v) = 2*v**2 + 3. Suppose -1 = s + 3. Let r(h) = -6*h**2 + h - 8. Let d(i) = s*r(i) - 11*q(i). What is d(3)?
5
Let z(m) = -m + 8. Let y be z(9). Let v = -3 + y. Let l(a) = a**2 + 6*a + 3. Give l(v).
-5
Let v(g) = 209 + g + 4*g + 217 - 430. Determine v(3).
11
Suppose -3*t + 19 = -4*b, -4*t + b = t - 9. Let a(m) = 5*m + 1. Give a(t).
6
Let h = 9 + -7. Suppose 5 = -3*m - h*m. Let n(c) = -3*c + 1. What is n(m)?
4
Suppose 0 = 5*i - i - 28. Suppose -f - 4*s - 1 = 0, f - i*s = -2*s + 8. Let r(k) = -k**2 + 3*k + 4. Give r(f).
4
Let b(x) = -x**3 + x - 1. Suppose 3*z = -5*h + 25, -2*h + 3*h = -5*z + 5. Suppose -5*f = -3*m - 3, -4*f + m - 1 + 2 = z. Calculate b(f).
-1
Let h(o) be the first derivative of -3*o**5/40 - o**4/24 + o**3 + 7. Let k(v) be the third derivative of h(v). Determine k(1).
-10
Let h(j) be the third derivative of -4*j**5/15 + j**4/24 + j**3/6 + 20*j**2. What is h(-1)?
-16
Let j(l) = 1 - 1 + 4*l**3 - l. Let v be ((-1)/2)/(2/4). Calculate j(v).
-3
Let i be -12 - -1 - (1 - 3). Suppose -o = 2*x - 2, 0*o = -4*o - 3*x + 18. Let v be o/i*(-3)/2. Let r(y) = 2*y**2. What is r(v)?
2
Suppose -4 = 2*x - j, 4*j + 0 = -3*x + 5. Let l(t) = 9*t + 1. Give l(x).
-8
Let t(l) = l**3 - 11*l**2 - 9*l - 10. Let n(x) = 2*x**3 - 23*x**2 - 19*x - 21. Let d(c) = -6*n(c) + 13*t(c). Determine d(5).
-19
Suppose -c - 4*u + 13 = -12, u = -5*c + 49. Let f = -10 + c. Let r(i) = -1 - i**2 + 2 + 7*i**2. Calculate r(f).
7
Let v(f) = f**3 - 1. Let b(o) = 6*o**3 + o**2 - 3*o - 2. Let r(q) = b(q) - 5*v(q). Calculate r(-3).
-6
Let p(z) = z**2 - 6*z - 5. Let j = -6 + 13. Let v be p(j). Let t(r) = -3*r - 9 - 5 + 13. Determine t(v).
-7
Suppose c - 3*d + 90 = 4*c, 2*c = -4*d + 70. Suppose 2*z - 7*z = c. Let b(n) = -n**2 - 6*n - 2. Determine b(z).
3
Let y(p) = p + 1. Let q(m) = -m + 4. Let b be q(-2). Let t(g) = -8*g - 3. Let n(z) = b*y(z) + t(z). What is n(3)?
-3
Suppose 6*v - 4 = 2. Let y(c) = -2*c + 5 - 8 + v. Giv